culate the remainder when 13725 is divided by 16.
13
What is the remainder when 75479 is divided by 155?
149
Calculate the remainder when 73522 is divided by 387.
379
Calculate the remainder when 1860 is divided by 6.
0
Calculate the remainder when 32497 is divided by 465.
412
Calculate the remainder when 1692 is divided by 1383.
309
Calculate the remainder when 614924 is divided by 71.
64
Calculate the remainder when 129278 is divided by 80.
78
What is the remainder when 18569 is divided by 1503?
533
What is the remainder when 33227 is divided by 117?
116
What is the remainder when 2687 is divided by 1310?
67
What is the remainder when 3612 is divided by 111?
60
Calculate the remainder when 1268 is divided by 206.
32
What is the remainder when 6360617 is divided by 20?
17
What is the remainder when 594827 is divided by 117?
116
What is the remainder when 2113 is divided by 261?
25
Calculate the remainder when 180797 is divided by 1051.
25
Calculate the remainder when 243865 is divided by 13.
11
Calculate the remainder when 155647 is divided by 304.
303
What is the remainder when 659666 is divided by 140?
126
What is the remainder when 26255 is divided by 31?
29
What is the remainder when 750459 is divided by 29?
26
What is the remainder when 209089 is divided by 20903?
59
Calculate the remainder when 6086 is divided by 2633.
820
Calculate the remainder when 8393 is divided by 2784.
41
Calculate the remainder when 48763 is divided by 409.
92
What is the remainder when 24580 is divided by 1861?
387
Calculate the remainder when 18116 is divided by 99.
98
Calculate the remainder when 1738812 is divided by 77.
75
Calculate the remainder when 12033 is divided by 12017.
16
What is the remainder when 459 is divided by 359?
100
What is the remainder when 17534 is divided by 120?
14
What is the remainder when 30922 is divided by 10300?
22
Calculate the remainder when 134199 is divided by 288.
279
Calculate the remainder when 30195 is divided by 195.
165
What is the remainder when 73613 is divided by 174?
11
Calculate the remainder when 1943 is divided by 750.
443
What is the remainder when 3001622 is divided by 125?
122
What is the remainder when 29820 is divided by 2710?
10
Calculate the remainder when 62332 is divided by 11.
6
What is the remainder when 2270664 is divided by 551?
544
What is the remainder when 8291 is divided by 333?
299
Calculate the remainder when 550 is divided by 267.
16
What is the remainder when 2587 is divided by 323?
3
Calculate the remainder when 17058 is divided by 569.
557
Calculate the remainder when 1962 is divided by 532.
366
What is the remainder when 43856 is divided by 275?
131
Calculate the remainder when 5832 is divided by 5614.
218
Calculate the remainder when 11993 is divided by 169.
163
What is the remainder when 23217 is divided by 38?
37
What is the remainder when 24856 is divided by 97?
24
Calculate the remainder when 557 is divided by 56.
53
Calculate the remainder when 15186 is divided by 7.
3
What is the remainder when 79865 is divided by 6654?
17
What is the remainder when 8022 is divided by 9?
3
What is the remainder when 64463 is divided by 17?
16
Calculate the remainder when 173549 is divided by 445.
444
What is the remainder when 5514 is divided by 825?
564
Calculate the remainder when 59621 is divided by 489.
452
What is the remainder when 3144 is divided by 957?
273
What is the remainder when 58547 is divided by 398?
41
What is the remainder when 50812 is divided by 54?
52
Calculate the remainder when 2136 is divided by 1637.
499
What is the remainder when 5334 is divided by 396?
186
Calculate the remainder when 381652 is divided by 1880.
12
What is the remainder when 46070 is divided by 1530?
170
What is the remainder when 229018 is divided by 390?
88
Calculate the remainder when 286 is divided by 52.
26
What is the remainder when 2059 is divided by 501?
55
What is the remainder when 27714 is divided by 2768?
34
What is the remainder when 8191 is divided by 8183?
8
Calculate the remainder when 1479247 is divided by 606.
1
What is the remainder when 543807 is divided by 586?
585
What is the remainder when 53733 is divided by 13?
4
What is the remainder when 11042 is divided by 480?
2
Calculate the remainder when 69957 is divided by 15.
12
What is the remainder when 752859 is divided by 188204?
43
Calculate the remainder when 1539 is divided by 731.
77
Calculate the remainder when 61 is divided by 19.
4
Calculate the remainder when 493957 is divided by 30872.
5
What is the remainder when 21557 is divided by 392?
389
Calculate the remainder when 18651 is divided by 9307.
37
Calculate the remainder when 13253 is divided by 58.
29
Calculate the remainder when 75246 is divided by 865.
856
Calculate the remainder when 3919 is divided by 128.
79
What is the remainder when 478843 is divided by 12601?
5
What is the remainder when 12936 is divided by 2156?
0
What is the remainder when 2072533 is divided by 153?
148
Calculate the remainder when 2177557 is divided by 440.
437
Calculate the remainder when 16430 is divided by 5475.
5
What is the remainder when 7118977 is divided by 21?
19
Calculate the remainder when 441 is divided by 251.
190
What is the remainder when 91385 is divided by 62?
59
What is the remainder when 7374 is divided by 7343?
31
Calculate the remainder when 245816 is divided by 178.
176
Calculate the remainder when 7 is divided by 3.
1
What is the remainder when 58532 is divided by 1064?
12
What is the remainder when 8337 is divided by 2239?
1620
What is the remainder when 2018159 is divided by 80?
79
Calculate the remainder when 1991 is divided by 364.
171
Calculate the remainder when 4411 is divided by 4342.
69
What is the remainder when 160609 is divided by 717?
1
Calculate the remainder when 627569 is divided by 37.
12
Calculate the remainder when 53834 is divided by 445.
434
Calculate the remainder when 394316 is divided by 9.
8
Calculate the remainder when 7734 is divided by 176.
166
Calculate the remainder when 2094 is divided by 190.
4
Calculate the remainder when 83224 is divided by 58.
52
Calculate the remainder when 1228089 is divided by 992.
985
Calculate the remainder when 446239 is divided by 643.
640
Calculate the remainder when 84804 is divided by 349.
346
What is the remainder when 49049 is divided by 700?
49
What is the remainder when 8604 is divided by 49?
29
Calculate the remainder when 54159 is divided by 196.
63
What is the remainder when 15953 is divided by 64?
17
Calculate the remainder when 34536 is divided by 276.
36
Calculate the remainder when 5526 is divided by 57.
54
Calculate the remainder when 4969 is divided by 1242.
1
What is the remainder when 17269 is divided by 23?
19
What is the remainder when 8371 is divided by 4047?
277
What is the remainder when 5304 is divided by 272?
136
Calculate the remainder when 9772 is divided by 539.
70
Calculate the remainder when 13621 is divided by 2.
1
Calculate the remainder when 16461 is divided by 48.
45
Calculate the remainder when 727 is divided by 279.
169
Calculate the remainder when 234808 is divided by 1642.
2
Calculate the remainder when 61470 is divided by 44.
2
What is the remainder when 3399 is divided by 104?
71
What is the remainder when 2421 is divided by 2360?
61
Calculate the remainder when 2406 is divided by 338.
40
Calculate the remainder when 9787 is divided by 3262.
1
Calculate the remainder when 4346 is divided by 10.
6
What is the remainder when 2561 is divided by 851?
8
What is the remainder when 563862 is divided by 2021?
3
What is the remainder when 2663 is divided by 755?
398
Calculate the remainder when 351078 is divided by 19.
15
Calculate the remainder when 1936 is divided by 69.
4
What is the remainder when 5785 is divided by 2442?
901
What is the remainder when 2306 is divided by 2297?
9
What is the remainder when 27112 is divided by 46?
18
Calculate the remainder when 7511 is divided by 7.
0
Calculate the remainder when 721 is divided by 234.
19
Calculate the remainder when 383310 is divided by 21.
18
Calculate the remainder when 13019 is divided by 2488.
579
What is the remainder when 7286 is divided by 104?
6
What is the remainder when 4463 is divided by 2216?
31
What is the remaind